r of i(v)?
False
Suppose -2 - 4 = -2*d. Suppose -2*i + 7*i = h + 131, 5*i = -d*h + 127. Let y = 4 + i. Is y a multiple of 15?
True
Let w = 1 + -1. Let j = w - -3. Suppose k - 7 = j*h, 2*h = -2*k - 0*h + 30. Is k a multiple of 11?
False
Does 17 divide ((-273)/14)/(2/(-4))?
False
Let s(z) = -z**2 + 5*z**2 + 2 - 6*z - 2*z**2 - 3*z**2. Let x be (-1)/2 + (-10)/4. Is 7 a factor of s(x)?
False
Suppose -61 = 5*w - 741. Suppose -3*n - n + w = 0. Let s = -5 + n. Does 8 divide s?
False
Let l(q) be the second derivative of q**6/120 + q**5/24 + q**4/4 + q. Let h(i) be the third derivative of l(i). Is 23 a factor of h(4)?
False
Let i = 8 + -3. Suppose 4*r - 15 = i. Does 3 divide r?
False
Let y be 3/(-6) + (-3)/6. Is 12 a factor of 23 - -7 - (y + 1)?
False
Let s = 16 - 2. Is 14 a factor of s?
True
Suppose -4*g - 4*r = -320, 0 = 2*g - 5*r - 0*r - 146. Is 26 a factor of g?
True
Suppose -42 + 170 = -2*l. Let y(g) = 7*g + 6. Let k be y(12). Let p = l + k. Is p a multiple of 13?
True
Suppose 45*k + 235 = 50*k. Does 47 divide k?
True
Let a(x) = x**2 + x + 1. Let k be -4*(-3 + 2)*1. Suppose k*s + 2*w + 6 = 0, 0*s - s + 2*w - 4 = 0. Does 3 divide a(s)?
True
Suppose 2*i - 717 + 85 = -2*f, 4*i = f - 336. Is f a multiple of 64?
True
Let h = 3 + 1. Does 4 divide h?
True
Suppose -5*j + 5*h + 332 = 12, -4*h = 3*j - 206. Does 14 divide j?
False
Let h = 1 + 3. Does 15 divide 24*(0 - (-5)/h)?
True
Let n be ((0/(-3))/3)/3. Suppose -2*f - 19 + 3 = n. Is 3 a factor of ((-14)/4)/(4/f)?
False
Let g(b) be the first derivative of -b**7/840 + b**6/72 - b**5/30 - b**3 - 3. Let j(q) be the third derivative of g(q). Does 6 divide j(3)?
True
Suppose 0*g + 585 = 3*g. Suppose 10*s = 5*s + g. Is s a multiple of 13?
True
Let c(h) = -12*h**3 - h**2 - 2*h - 1. Does 12 divide c(-1)?
True
Let p(l) = 54*l**3 - 2*l**2 + 1. Is p(1) a multiple of 12?
False
Suppose 0*x + 22 = -x. Is 17 a factor of 1 - -4*x/(-4)?
False
Suppose 0 = -3*r + r. Suppose r = -c - c. Let m(h) = h + 14. Does 7 divide m(c)?
True
Suppose 2*g - 3*v - 15 = g, 3*g + v - 15 = 0. Does 3 divide g?
True
Let a(l) = -3*l + 9. Let j(r) = -1. Let y(b) = -a(b) + 4*j(b). Suppose -7*v = -3*v - 3*o - 39, -o = 4*v - 35. Does 14 divide y(v)?
True
Suppose -4*k - i - 16 = 3*i, -4*i - 16 = 0. Let y = k - -4. Suppose 3*c - y*c = 3*o - 35, 0 = 2*c + 5*o - 68. Is c a multiple of 18?
False
Suppose -84 + 16 = -d - 5*w, -4*d - 3*w = -306. Is 13 a factor of d?
True
Let a(g) = -3*g - 12. Does 27 divide a(-13)?
True
Let z(v) = -v**3 - 4*v**2 + v - 5. Let y be z(-4). Let s = 13 + y. Suppose 60 = 5*u - 4*w + 2*w, -3*w = -s*u + 55. Is u a multiple of 4?
False
Let v(f) = 47*f - 50. Does 14 divide v(10)?
True
Let h(q) = -q**3 - 8*q**2 - 7. Let u be h(-7). Let w = u - -99. Does 8 divide w?
False
Suppose -1 = -d + 18. Is d a multiple of 19?
True
Let u(j) = 3*j**2 - 14*j + 5. Is u(8) a multiple of 9?
False
Let t(z) = -z**3 - 10*z**2 - 8*z + 9. Let p be t(-9). Suppose p = -4*b + 86 - 6. Is 13 a factor of b?
False
Suppose 3*r = r + 8. Let k(p) = p**3 - 4*p**2 - p + 5. Let g be k(r). Is 11 a factor of 25 + (1 - g) + 0?
False
Let m be (-5)/2*(1 + 5). Let p = m + 42. Is 24 a factor of p?
False
Suppose y = 2*u + 2, u - 14 = -u + 5*y. Let f = u - -8. Let h = f - -18. Is h a multiple of 18?
False
Let d(p) = p**3 - 13*p**2 + 16*p - 4. Suppose 16*c = 18*c - 24. Does 22 divide d(c)?
True
Suppose -144 = 6*l - 2*l. Is 28/3*l/(-8) a multiple of 21?
True
Let i(h) = h - 16. Let u be i(-8). Let a = u - -57. Does 12 divide a?
False
Suppose 3*o - 1 = u, -4*u - o = -5*u - 11. Let x(y) = -y**3 - 15*y**2 + 16*y + 12. Is 12 a factor of x(u)?
True
Suppose 3*s = -2*m + 5, 13*s - 8*s + 45 = 2*m. Is m a multiple of 10?
True
Let l be (4 + 0)*6/8. Let b be 4/14 - (-40)/7. Suppose -b*d = -l*d - 81. Does 9 divide d?
True
Let i(l) = 8*l**2 + 2*l + 2. Let k be i(3). Suppose k = 2*g + 14. Is g a multiple of 10?
False
Let l(t) = -2*t**2 + t + 2. Let w be l(2). Let a(o) = -o**3 - 4*o**2 - o + 5. Let f be a(w). Let r = 41 - f. Is 14 a factor of r?
False
Suppose 5*j = -d - 0*j + 9, -d + j = -9. Suppose -w + 1 = 0, -4*m - d = -5*m - 5*w. Is m even?
True
Suppose 5*p + k - 8 = 0, 5*p + 4*k + k = 0. Let q be (-1)/((-5)/(-3) - p). Suppose 10 = q*y - 38. Is 16 a factor of y?
True
Let q(l) = -l**3 + 3*l - 2. Let b be q(-4). Does 10 divide 2/(-4) - b/(-4)?
False
Let l be ((-4)/6)/((-2)/12). Let q be 12*3*(-2)/(-9). Suppose -l*w = -q*w + 24. Does 3 divide w?
True
Let h(y) = -2*y**3 - y**2. Let l be h(1). Let x = 7 + l. Suppose 4*m + 176 = 5*i - 0*m, -x*m = -3*i + 104. Is i a multiple of 15?
False
Suppose -3*c = c - j + 4, c + 4*j = -18. Is 14 - c - (0 - -4) even?
True
Let i(y) = -y + 22. Does 32 divide i(-10)?
True
Let k = 4 - -5. Let y be -2*19*3/(-6). Suppose 2*v - y = k. Is 8 a factor of v?
False
Let l(t) = 3*t**2 - 2*t + 1. Let r be l(1). Let m be 5/r - (-1)/2. Suppose 2*z = m*d - 76, z + 112 = 5*d - 24. Does 11 divide d?
False
Let u(r) = -12*r + 7. Does 25 divide u(-5)?
False
Let u(z) = z**2 + 16. Let y = -1 + 1. Let s be u(y). Suppose 5*m = -s + 56. Does 8 divide m?
True
Suppose 5*u = o - 180, -5*u + u = -4*o + 784. Is o a multiple of 40?
True
Let l(d) be the first derivative of 5*d**2/2 - 3*d - 6. Does 3 divide l(2)?
False
Suppose 0 = -p + m + m + 107, 0 = 2*m - 10. Is 13 a factor of p?
True
Suppose 8*s - 5*s - 45 = 0. Suppose 0*z - s = -z + 4*x, -5*z = 3*x - 144. Is z a multiple of 9?
True
Suppose -2*g - 76 = -4*j, -2*j + g + 30 = 2*g. Let b = j + -2. Let n = 33 - b. Is n a multiple of 6?
True
Suppose 5*i - 95 = -3*m, 4*i + 2*m - 81 + 5 = 0. Is 10 a factor of i?
False
Let k = -5 + 5. Let z = 4 - k. Is 4 a factor of z?
True
Suppose -3*l + 4*u - 552 = l, -3*u = 3*l + 396. Let b = -88 - l. Is b a multiple of 18?
False
Suppose 3*s = -2*q - 0*s + 3, q = 4*s + 7. Is 22 a factor of q/(-12) - 711/(-12)?
False
Suppose 2*u - 3*u - 4 = 4*m, -2*m = -3*u - 12. Suppose m = -2*p + l - 23, -p - 5*l - 5 - 12 = 0. Let i = p + 26. Is 14 a factor of i?
True
Let v be (-6)/(-4)*(-848)/(-12). Suppose -3*f + v = -5*f. Let g = -25 - f. Does 9 divide g?
False
Let k(s) = -s**2 + 3*s + 2. Let b be k(2). Suppose -b = q - 4*v, 4*q - 5*v = -0*v + 28. Is q a multiple of 6?
True
Let r be 4/1 + -1 - -17. Suppose -17*s = -r*s + 69. Does 8 divide s?
False
Let s = -2 + 12. Suppose -4*m + 42 = -s. Is m a multiple of 6?
False
Let s = 20 + 6. Suppose -s = -2*t - 4. Suppose -t = 5*q - 71. Is 12 a factor of q?
True
Let b(a) be the third derivative of a**5/30 + a**4/8 - a**3 + 4*a**2. Is b(4) a multiple of 19?
True
Suppose -6*m + 11 = -l - 2*m, l - 1 = -2*m. Does 8 divide (-1 + -23)/(l/2)?
True
Suppose 4*o - o - 144 = 0. Is o a multiple of 9?
False
Suppose 4*z + 175 - 55 = 0. Let y = 54 + z. Is y a multiple of 10?
False
Suppose -30*p = -32*p + 274. Does 14 divide p?
False
Let y be (-2)/(0 - (-3)/24). Let x = 28 + y. Suppose -h - x = -5*z, 4*h + h - 27 = -4*z. Is 3 a factor of z?
True
Suppose -4*d = -2*d. Let x be 1*(d + 0/(-3)). Suppose x = 2*f - 7*f + 30. Is 3 a factor of f?
True
Let x(q) = 63*q + 5. Is 18 a factor of x(3)?
False
Let d(i) = 6*i - 7 - 6 + 6. Let v be -1*1*(-9 + 2). Does 16 divide d(v)?
False
Suppose z - 4*z = -954. Suppose 58 - z = 5*s. Let n = s + 88. Does 20 divide n?
False
Let z(b) = b**3 + 5*b**2 + 3*b. Let n(r) = -4*r**2 + 1. Let p be n(1). Does 9 divide z(p)?
True
Suppose -8*h + h = -1603. Is h a multiple of 12?
False
Let z(r) = -1 + r**2 + 6*r**2 - r**3 + 4. Let p be z(7). Suppose -p*n + n = -66. Is 11 a factor of n?
True
Let g(k) = 58*k**2 + k + 1. Let r be g(-1). Suppose 272 = 4*t - 4*s, -s + r = t - 0*t. Is t a multiple of 23?
False
Let m(b) = -b + 16. Let d(k) = -2*k + 24. Let z(y) = 5*d(y) - 8*m(y). Let r be z(-6). Let h(s) = s**2 - 2*s + 1. Does 4 divide h(r)?
False
Let g = -49 - -80. Let k = -9 + g. Is k a multiple of 11?
True
Let q(f) be the first derivative of 7*f**3/3 - f + 3. Let v be q(-2). Suppose 3*b - 192 + v = 0. Does 20 divide b?
False
Let o(b) = -b + 8. Let q be o(6). Let i(u) = 4*u**2 - u - 2 + q + u**3. Does 3 divide i(-4)?
False
Let v(b) = -2 + 7*b**2 + 1 - b + 0*b. Let g be v(-1). Let d = 13 + g. Does 20 divide d?
True
Let t = -3 + 5. Let v(b) = 5*b**2 + 2*b - 2. Does 11 divide v(t)?
True
Let u = 0 - -12. Does 5 divide u?
False
Let l = 19 + -5. Suppose -3*x + l - 5 = 0. Suppose -5*z - 70 = -4*